(-3)*j/(-4).
2, 5
Let q = 10 - 8. Let o(t) = -q - 6*t - 10*t + 0 + 6*t. List the prime factors of o(-2).
2, 3
Let a = 4 + -1. Suppose -12 = 3*k, -a*k + 8*k + 33 = x. List the prime factors of x.
13
Let c be (-4)/6 - (-19)/(-3). Let b(i) = 5*i**2 - 2 - 7*i**2 + 3*i**2 + 6*i. What are the prime factors of b(c)?
5
Let y = -12 - -21. Suppose -f = 4*f + 4*c - y, 10 = 5*f + 5*c. Let d(w) = 7*w - 1. List the prime factors of d(f).
2, 3
Suppose -4*y - 23 = 4*r + 5, -4*r = 3*y + 26. Let k = r + 8. List the prime factors of (k + -2)/(1/10).
2, 5
Let l(s) be the first derivative of -11/4*s**4 + 0*s**3 - 2 + s + 0*s**2. List the prime factors of l(-1).
2, 3
Let v = 4 + -2. Suppose v*f = 3*f - 12. What are the prime factors of f?
2, 3
Let o(h) = -h**3 + 14*h**2 + 5*h + 7. List the prime factors of o(14).
7, 11
Suppose 3*b - 370 = -2*b. List the prime factors of b.
2, 37
Let f(t) = 7*t - 1. Suppose 0 = -2*z + 9 - 1. List the prime factors of f(z).
3
Let g(u) = -u**3 + 6*u**2 + 8*u - 3. Let w = 10 - 3. What are the prime factors of g(w)?
2
Let m(y) be the first derivative of y**3/3 + 3*y**2/2 - 5*y - 2. Let i be m(-6). Let u = i + -7. What are the prime factors of u?
2, 3
Let v(r) = -r + 4. Let w be v(2). Suppose 0 = -0*t - 3*t - w*l + 19, -2 = t - l. List the prime factors of t/(-2)*24/(-9).
2
List the prime factors of (-6 - -2)/((-2)/64).
2
Let l(p) = 2*p**3 + 20*p**2 - p + 5. What are the prime factors of l(-9)?
2, 11
Let z(o) = 0*o**2 + o**2 + 6*o - 2 - 2*o. Let d be (-1 + 2)*(-8 - -3). List the prime factors of z(d).
3
Let z(s) = -s**2 + 4*s - 1. Suppose 0 = -2*y + 3*x - 6 + 24, 4*x = -5*y - 1. List the prime factors of z(y).
2
Let j = -102 - -171. Suppose j = 5*n + 4. List the prime factors of n.
13
Let u(i) = -4 + 6 + 3*i - 2 - 3 + i**2. List the prime factors of u(2).
7
Suppose 3*g - 48 = -3*m, g = 3*m - 35 - 5. Let a = m - -12. What are the prime factors of a?
2, 13
Suppose 5*l + 8 = 2*q, 0*q + 4*l = -5*q + 20. Suppose y - q = -y. Suppose 0 = -2*h + 8, y*k - 2*h + 18 = 3*k. List the prime factors of k.
2, 5
Let i(a) = 2 - 4*a - a**3 + 2*a - 2*a + 5*a**2. Suppose 3*d = 7*d - 12. List the prime factors of i(d).
2
Suppose -5*h + 132 = 2*q, -2*h = -0*q - q - 51. What are the prime factors of h?
2, 13
Let u be 6 + -4 + 1*-2. Suppose -n + 2*w = -u*n - 10, 2*n = 3*w + 22. List the prime factors of n.
2, 7
Let f = 4 + -1. Let d = 6 - f. Suppose 4*t + d*u = 38, 87 = 5*t - 4*u + 24. List the prime factors of t.
11
Let o(c) = -c**2 + 11*c - 4. What are the prime factors of o(5)?
2, 13
Let n(t) = -33*t + 7. List the prime factors of n(-2).
73
Let l = 1 - 7. Let c = l - -10. List the prime factors of c.
2
Suppose -2*s = q - 39, 4*s - 41 = 5*q - 166. List the prime factors of q.
29
Suppose 3*i + 5*d = 163, 0 = -5*i - d + 120 + 159. List the prime factors of (-1 - -4)/(6/i).
2, 7
Suppose -4*s - 3*u = -812, -3*u + 580 = 3*s - 8*u. List the prime factors of s.
2, 5
Let k(t) = -t**2 + 7*t - 6. Let u be k(5). Suppose o = -u*o + 20. Suppose o*x - 2*v - 12 = 4, -2 = 3*x - 5*v. What are the prime factors of x?
2, 3
Let a(f) = 21*f + 31. What are the prime factors of a(3)?
2, 47
Suppose 4*r - 429 - 318 = -3*m, 4*m = 5*r - 926. What are the prime factors of r?
2, 3, 31
Suppose -5*b = -89 + 24. Let d = 33 - b. Suppose 3*k = d + 22. List the prime factors of k.
2, 7
Let s be (-2)/6 + 26/6. Suppose 0 = a - s*a + 33. Suppose -2*p + a = -p. What are the prime factors of p?
11
Let z(t) = t**3 + 5*t**2 + 2*t + 1. Let k be z(-3). List the prime factors of k/3 - 5/15.
2
Let a(d) = -d**2 + 6*d - 1. Let l be a(5). Suppose -l*t + 39 = y, 0 = t + 1. Suppose -11 + y = 2*f. What are the prime factors of f?
2
Let l(k) = -k**3 + 18*k**2 + 8*k - 7. What are the prime factors of l(17)?
2, 11, 19
Suppose 0 = -4*j - j - 4*u + 27, 3 = 3*j - 2*u. Let k = 37 + j. Suppose -2*w - k = -5*z + 3*w, 5*z + 3*w - 40 = 0. List the prime factors of z.
2
Let x(w) = 2 - 3*w**2 - w**3 + 3 - 4*w + 3. List the prime factors of x(-4).
2, 5
Suppose 4*n = 77 + 31. What are the prime factors of n?
3
Suppose 6*a = 12*a - 18. List the prime factors of a.
3
Let f(j) = -6*j**3 - 3*j**2 + 2*j - 2. Let t(z) = 3*z**3 + z**2 - z + 1. Let x(i) = -2*f(i) - 5*t(i). List the prime factors of x(-2).
5
Suppose 0*p + 5*p - 20 = 0. Let m be 2 - (-62)/p*2. Suppose 3*s = v - 3*v + m, -4*s - 12 = -2*v. What are the prime factors of v?
2, 3
Suppose 5*t - 3*i - 477 = 0, 202 = 3*t + 3*i - 65. List the prime factors of t.
3, 31
Let y be (-9)/(-4) - (-3)/4. Suppose 8 = y*o - 7. Suppose 0 = -u + o*u - 48. List the prime factors of u.
2, 3
Let l(s) = 20*s - 29. List the prime factors of l(16).
3, 97
Suppose c - 6 = -0*c. List the prime factors of c.
2, 3
Suppose -183 = -12*d + 9*d. Suppose -2*z = 4*h + 1 - d, 0 = 3*h - 2*z - 45. List the prime factors of h.
3, 5
Let a = -345 + 530. List the prime factors of a.
5, 37
Suppose 5*n - 139 = -24. Let h = n - 12. List the prime factors of h.
11
Let d(r) = -r**2 - 4*r - 4. Let l be d(-3). Let i be 0 + (l - (0 + -3)). Suppose 14 = i*g - 0. What are the prime factors of g?
7
Let a = -5 - -15. List the prime factors of a.
2, 5
Let k = 77 - 43. What are the prime factors of k?
2, 17
Let r be 36/24*16/6. Let g be (-1 + -23)*5/(-3). Suppose 2*x + 0*h + 4*h - 20 = 0, -4*x = -r*h - g. What are the prime factors of x?
2, 5
Suppose 3*u + 2*m + 1 = 13, 2*u + 4*m - 8 = 0. Let f(x) be the third derivative of x**4/12 - 5*x**3/6 + 3*x**2. List the prime factors of f(u).
3
What are the prime factors of ((-16)/(-1 - -5) - -198)/1?
2, 97
Let k(c) = 6*c**2 + 4*c + 2. What are the prime factors of k(-1)?
2
Let i be 2/(-1)*(-21)/(-6). Let j = 2 - i. What are the prime factors of j?
3
Let t = -8 - -13. Suppose 3*b - 40 = b. Suppose -5*k = t*h - b, 0*h + h = -5*k + 4. List the prime factors of h.
2
Let i = -44 + 90. List the prime factors of i.
2, 23
Let d(k) = 3*k**3 - 3*k + 3. Let l be d(2). Suppose -3*s + 99 = 3*m - l, -250 = -5*m + 5*s. List the prime factors of m.
3, 5
Suppose -20 = 5*g - 215. What are the prime factors of g?
3, 13
Let d(v) = -v**3 + 5*v**2 - 3*v - 3. Let s be d(4). Let i = 7 - s. What are the prime factors of i?
2, 3
Suppose -7 - 8 = -5*t. Let f be 4 - (3 - t/1). List the prime factors of (-4)/(-2)*26/f.
13
Let a(x) = -2*x**3 - x**2 + 4*x + 2. List the prime factors of a(-3).
5, 7
Let i = 185 - 110. What are the prime factors of i?
3, 5
Suppose -1 = q - 2*q. Let g be (85 - (1 - q))*-1. List the prime factors of 1/3 - g/15.
2, 3
Let y = -26 - -55. List the prime factors of y.
29
Let h(m) = m**3 - 6*m**2 + 5*m. Let t be h(5). Suppose -i - 8 = 5*g, 6*i - i = -5*g. Suppose 0*s + i*s - 12 = t. What are the prime factors of s?
2, 3
Let d(h) = -h. Let t be d(-3). Suppose -2*r - w + 56 = -t*w, -102 = -4*r - w. List the prime factors of r.
2, 13
List the prime factors of 21/(-14)*(-60)/9.
2, 5
Suppose -2*l + 3*l + 1 = 0. Let y(s) = -13*s + 1. Let b be y(l). Let n = b + -2. What are the prime factors of n?
2, 3
Suppose o - 2 - 124 = 0. List the prime factors of o.
2, 3, 7
Let t(o) = -4*o + 1. Let g be t(-1). Let d be 4*(15/6)/g. Suppose -3*r - 5 = -5*l, 0 = 5*r - d*l - 3 - 14. List the prime factors of r.
5
Let o(a) = -3*a**3 - 2*a + 4*a**3 + 9 - 2*a**2 - 8. Let g be o(3). Suppose 0 = -r + g*r - 30. What are the prime factors of r?
2, 5
Let f(o) = o + 12. Let m be f(-7). Suppose m*n - 222 = 2*s, -n + 5*s + 26 = -0*n. List the prime factors of n.
2, 23
Suppose -l + 6 = 1. Suppose -2 = 2*z, 4*z = -5*h + l*z + 6. What are the prime factors of h/(-2)*1*-22?
11
Suppose 4*c + 604 = 5*o, o + 3*c - 179 = -43. What are the prime factors of o?
2, 31
Suppose 5*l + 2*j = -j + 9, 5*j - 15 = 3*l. Suppose l = -0*b - 3*b + 6. List the prime factors of b.
2
Let v(p) = 5*p**3 - 2*p**2 - p + 3. List the prime factors of v(2).
3, 11
Let i(x) = x**2 + x + 6. Let a be i(5). Let r be 3*4*(-4)/(-8). Suppose -r*y + a = -2*y. List the prime factors of y.
3
Let a(j) be the second derivative of -j**4/12 - 4*j**3/3 - 3*j**2/2 + 2*j. Suppose y + 8 = 3. List the prime factors of a(y).
2, 3
Suppose v + 4*v - 90 = 0. Let h = v - 6. List the prime factors of h.
2, 3
Suppose 8 = p - 4*d, 3*d = 2*p - 3*p + 15. Let m be p/3 + (-1 - 1). Suppose -5*l + y + 32 = 0, 4*l + m*y - 18 = -y. List the prime factors of l.
2, 3
Let f = 7 + 4. Let n = 